{"id":240,"date":"2016-06-30T19:09:40","date_gmt":"2016-06-30T19:09:40","guid":{"rendered":"http:\/\/www.senderosgr.es\/blog\/?page_id=240"},"modified":"2016-07-01T16:36:40","modified_gmt":"2016-07-01T14:36:40","slug":"historia-gr","status":"publish","type":"page","link":"https:\/\/www.senderosgr.es\/blog\/historia-gr\/","title":{"rendered":"Historia de los GR"},"content":{"rendered":"<h2 style=\"text-align: justify;\"><span style=\"color: #b00000;\"><strong>\u00bfQu\u00e9 es un Sendero GR (largo recorrido)?<\/strong><\/span><\/h2>\n<p style=\"text-align: justify;\">Los senderos de largo recorrido son recorridos de m\u00e1s de 50 kil\u00f3metros, lo que incluye la pernocta en esta actividad. Pueden ser en l\u00ednea o circulares, es decir, que comienzan y terminan en el mismo lugar. La <a href=\"http:\/\/misendafedme.es\/las-marcas-gr-pr-y-sl\/\" target=\"_blank\"><span style=\"text-decoration: underline;\">se\u00f1alizaci\u00f3n<\/span><\/a> de los mismos es con l\u00edneas blancas y rojas, y son marca registrada por la Federaci\u00f3n Espa\u00f1ola de Deportes de Monta\u00f1a y Escalada (FEDME). Pero no todos los senderos se\u00f1alizados est\u00e1n homologados. La homologaci\u00f3n convierte el sendero en una instalaci\u00f3n deportiva y s\u00f3lo una federaci\u00f3n (nacional o auton\u00f3mica) puede llevarla a cabo.<\/p>\n<p>M\u00e1s informaci\u00f3n: <a href=\"https:\/\/issuu.com\/bibliotecafedme\/docs\/manualsenderosfedme_2015\/1\" target=\"_blank\"><em><span style=\"text-decoration: underline;\">Manual de se\u00f1alizaci\u00f3n de senderos FEDME 2015<\/span><\/em><\/a><\/p>\n<p style=\"text-align: justify;\">De cara a la log\u00edstica se establece, m\u00e1s o menos, que un d\u00eda en condiciones perfectas puedes andar sobre los 25 km, aunque hay personas que pueden hacer mas y otras menos. Es s\u00f3lo una orientaci\u00f3n. Si un sendero es de 100km, se deber\u00eda poder hacer a pie en 4 d\u00edas aproximadamente.<\/p>\n<h2><span style=\"color: #b00000;\"><strong>Historia<\/strong><\/span><\/h2>\n<p style=\"text-align: justify;\">En 1972, la <a href=\"http:\/\/www.fedme.es\/\" target=\"_blank\"><span style=\"text-decoration: underline;\">FEDME<\/span><\/a> recibi\u00f3 una carta de la Asociaci\u00f3n de Tourisme Pedrestre de Par\u00eds, en la que se explicaba que Francia recuperaba caminos de monta\u00f1a desde finales de los a\u00f1os cuarenta, para ponerlos al alcance de todos los excursionistas sin necesidad de un gu\u00eda que conociera el terreno.<\/p>\n<p style=\"text-align: justify;\">Este fue el arranque de nuestra red de senderos GR. La misiva solicitaba la continuaci\u00f3n del sendero europeo E-5 denominado Austria &#8211; Pirineos, que pasar\u00eda a llamarse Austria &#8211; Espa\u00f1a. La FEDME traslad\u00f3 la petici\u00f3n a la secci\u00f3n catalana, la antigua Federaci\u00f3 Catalana de Muntanya. Unos pocos meses bastaron para que los catalanes prepararan toda la comisi\u00f3n que desarrollar\u00eda los primeros 220 kil\u00f3metros de estas autopistas del senderismo. Desde Bellprat en Barcelona, hasta Fredes (Castell\u00f3n), el GR-7, con doce tramos, se se\u00f1aliz\u00f3 inicialmente con marcas blancas, que ser\u00edan despu\u00e9s sustituidas, en 1975, por las tradicionales rojas y blancas.<\/p>\n<p style=\"text-align: justify;\">Recientemente, el <a href=\"http:\/\/www.senderosgr.es\/SenderosDetalle.aspx?IdSendero=23&amp;Tipo=1&amp;IdAsociado=23\" target=\"_blank\"><span style=\"text-decoration: underline;\">GR-7<\/span><\/a> se encuentra bien se\u00f1alizado en su tramo \u00faltimo, gracias a la iniciativa de la Federaci\u00f3n Andaluza qui\u00e9n, con subvenci\u00f3n de la Junta de Andaluc\u00eda, ha puesto a orillas del Atl\u00e1ntico la posibilidad de que esta gran arteria senderista cruce a tierras africanas.<\/p>\n<p style=\"text-align: justify;\">Los senderos de Gran Recorrido tienen un padre. Su promotor, el franc\u00e9s Henri Viaux, tuvo esta idea, con el motivo que ha llevado a muchos deportes a pasar del anonimato a la popularizaci\u00f3n en nuestro vecino galo: facilitar el acercamiento a los habitantes de la urbe, sin demasiados conocimientos para interpretar un mapa o no demasiado duchos en el manejo de la br\u00fajula. Esta es la principal idea de un GR y por la que a trav\u00e9s de los a\u00f1os su n\u00famero y popularidad ha ido aumentando.<\/p>\n<p><img loading=\"lazy\" decoding=\"async\" class=\"aligncenter size-full wp-image-241\" src=\"http:\/\/www.senderosgr.es\/blog\/wp-content\/uploads\/2016\/06\/Mapa_senderos_Europa.png\" alt=\"mapa europa senderos\" width=\"503\" height=\"577\" srcset=\"https:\/\/www.senderosgr.es\/blog\/wp-content\/uploads\/2016\/06\/Mapa_senderos_Europa.png 503w, https:\/\/www.senderosgr.es\/blog\/wp-content\/uploads\/2016\/06\/Mapa_senderos_Europa-262x300.png 262w\" sizes=\"auto, (max-width: 503px) 100vw, 503px\" \/><\/p>\n<h2><span style=\"color: #b00000;\"><strong>Senderos Europeos<\/strong><\/span><\/h2>\n<p style=\"text-align: justify;\">Actualmente, Espa\u00f1a cuenta con mas de 150 senderos de Largo Recorrido, de los cuales <span style=\"text-decoration: underline;\"><a href=\"http:\/\/www.senderosgr.es\/SenderosDetalle.aspx?IdSendero=76&amp;Tipo=1&amp;IdAsociado=76\" target=\"_blank\">GR-65<\/a><\/span> (E3), <a href=\"http:\/\/www.senderosgr.es\/SenderosDetalle.aspx?IdSendero=23&amp;Tipo=1&amp;IdAsociado=23\" target=\"_blank\"><span style=\"text-decoration: underline;\">GR-7<\/span><\/a> (E4), <a href=\"http:\/\/www.senderosgr.es\/SenderosDetalle.aspx?IdSendero=9&amp;Tipo=1&amp;IdAsociado=9\" target=\"_blank\"><span style=\"text-decoration: underline;\">GR-10<\/span><\/a>, GR-10.1, <a href=\"http:\/\/www.senderosgr.es\/SenderosDetalle.aspx?IdSendero=28&amp;Tipo=1&amp;IdAsociado=28\" target=\"_blank\"><span style=\"text-decoration: underline;\">GR-8<\/span><\/a> (E7), y <a href=\"http:\/\/www.senderosgr.es\/SenderosDetalle.aspx?IdSendero=36&amp;Tipo=1&amp;IdAsociado=36\" target=\"_blank\"><span style=\"text-decoration: underline;\">GR-11<\/span><\/a> Portugal (E9), tienen car\u00e1cter internacional; es decir expanden sus se\u00f1alizaci\u00f3n fuera de Espa\u00f1a. \u00a1Ojo! No debemos confundir el GR-11 Portugal (E9) con el GR-11 Senda Pirenaica. El primero es un sendero que parte de Portugal hacia Santiago de Compostela, que parte de Cabo San Vicente.<\/p>\n","protected":false},"excerpt":{"rendered":"<p>\u00bfQu\u00e9 es un Sendero GR (largo recorrido)? Los senderos de largo recorrido son recorridos de m\u00e1s de 50 kil\u00f3metros, lo que incluye la pernocta en esta actividad. Pueden ser en l\u00ednea o circulares, es decir, que comienzan y terminan en el mismo lugar. La se\u00f1alizaci\u00f3n de los mismos es con l\u00edneas blancas y rojas, y [&hellip;]<\/p>\n","protected":false},"author":1,"featured_media":0,"parent":0,"menu_order":0,"comment_status":"closed","ping_status":"closed","template":"","meta":{"footnotes":""},"class_list":["post-240","page","type-page","status-publish","hentry"],"yoast_head":"<!-- This site is optimized with the Yoast SEO plugin v26.6 - https:\/\/yoast.com\/wordpress\/plugins\/seo\/ -->\n<title>Historia de los GR - El Blog de SenderosGR<\/title>\n<meta name=\"robots\" content=\"index, follow, max-snippet:-1, max-image-preview:large, max-video-preview:-1\" \/>\n<link rel=\"canonical\" href=\"https:\/\/www.senderosgr.es\/blog\/historia-gr\/\" \/>\n<meta property=\"og:locale\" content=\"es_ES\" \/>\n<meta property=\"og:type\" content=\"article\" \/>\n<meta property=\"og:title\" content=\"Historia de los GR - El Blog de SenderosGR\" \/>\n<meta property=\"og:description\" content=\"\u00bfQu\u00e9 es un Sendero GR (largo recorrido)? Los senderos de largo recorrido son recorridos de m\u00e1s de 50 kil\u00f3metros, lo que incluye la pernocta en esta actividad. Pueden ser en l\u00ednea o circulares, es decir, que comienzan y terminan en el mismo lugar. La se\u00f1alizaci\u00f3n de los mismos es con l\u00edneas blancas y rojas, y [&hellip;]\" \/>\n<meta property=\"og:url\" content=\"https:\/\/www.senderosgr.es\/blog\/historia-gr\/\" \/>\n<meta property=\"og:site_name\" content=\"El Blog de SenderosGR\" \/>\n<meta property=\"article:modified_time\" content=\"2016-07-01T14:36:40+00:00\" \/>\n<meta property=\"og:image\" content=\"http:\/\/www.senderosgr.es\/blog\/wp-content\/uploads\/2016\/06\/Mapa_senderos_Europa.png\" \/>\n<meta name=\"twitter:card\" content=\"summary_large_image\" \/>\n<meta name=\"twitter:label1\" content=\"Tiempo de lectura\" \/>\n\t<meta name=\"twitter:data1\" content=\"3 minutos\" \/>\n<script type=\"application\/ld+json\" class=\"yoast-schema-graph\">{\"@context\":\"https:\/\/schema.org\",\"@graph\":[{\"@type\":\"WebPage\",\"@id\":\"https:\/\/www.senderosgr.es\/blog\/historia-gr\/\",\"url\":\"https:\/\/www.senderosgr.es\/blog\/historia-gr\/\",\"name\":\"Historia de los GR - El Blog de SenderosGR\",\"isPartOf\":{\"@id\":\"https:\/\/www.senderosgr.es\/blog\/#website\"},\"primaryImageOfPage\":{\"@id\":\"https:\/\/www.senderosgr.es\/blog\/historia-gr\/#primaryimage\"},\"image\":{\"@id\":\"https:\/\/www.senderosgr.es\/blog\/historia-gr\/#primaryimage\"},\"thumbnailUrl\":\"http:\/\/www.senderosgr.es\/blog\/wp-content\/uploads\/2016\/06\/Mapa_senderos_Europa.png\",\"datePublished\":\"2016-06-30T19:09:40+00:00\",\"dateModified\":\"2016-07-01T14:36:40+00:00\",\"breadcrumb\":{\"@id\":\"https:\/\/www.senderosgr.es\/blog\/historia-gr\/#breadcrumb\"},\"inLanguage\":\"es\",\"potentialAction\":[{\"@type\":\"ReadAction\",\"target\":[\"https:\/\/www.senderosgr.es\/blog\/historia-gr\/\"]}]},{\"@type\":\"ImageObject\",\"inLanguage\":\"es\",\"@id\":\"https:\/\/www.senderosgr.es\/blog\/historia-gr\/#primaryimage\",\"url\":\"https:\/\/www.senderosgr.es\/blog\/wp-content\/uploads\/2016\/06\/Mapa_senderos_Europa.png\",\"contentUrl\":\"https:\/\/www.senderosgr.es\/blog\/wp-content\/uploads\/2016\/06\/Mapa_senderos_Europa.png\",\"width\":503,\"height\":577,\"caption\":\"mapa europa senderos\"},{\"@type\":\"BreadcrumbList\",\"@id\":\"https:\/\/www.senderosgr.es\/blog\/historia-gr\/#breadcrumb\",\"itemListElement\":[{\"@type\":\"ListItem\",\"position\":1,\"name\":\"Portada\",\"item\":\"https:\/\/www.senderosgr.es\/blog\/\"},{\"@type\":\"ListItem\",\"position\":2,\"name\":\"Historia de los GR\"}]},{\"@type\":\"WebSite\",\"@id\":\"https:\/\/www.senderosgr.es\/blog\/#website\",\"url\":\"https:\/\/www.senderosgr.es\/blog\/\",\"name\":\"El Blog de SenderosGR\",\"description\":\"Noticias, opiniones... \u00a1y mucho m\u00e1s!\",\"publisher\":{\"@id\":\"https:\/\/www.senderosgr.es\/blog\/#organization\"},\"potentialAction\":[{\"@type\":\"SearchAction\",\"target\":{\"@type\":\"EntryPoint\",\"urlTemplate\":\"https:\/\/www.senderosgr.es\/blog\/?s={search_term_string}\"},\"query-input\":{\"@type\":\"PropertyValueSpecification\",\"valueRequired\":true,\"valueName\":\"search_term_string\"}}],\"inLanguage\":\"es\"},{\"@type\":\"Organization\",\"@id\":\"https:\/\/www.senderosgr.es\/blog\/#organization\",\"name\":\"El Blog de SenderosGR\",\"url\":\"https:\/\/www.senderosgr.es\/blog\/\",\"logo\":{\"@type\":\"ImageObject\",\"inLanguage\":\"es\",\"@id\":\"https:\/\/www.senderosgr.es\/blog\/#\/schema\/logo\/image\/\",\"url\":\"https:\/\/www.senderosgr.es\/blog\/wp-content\/uploads\/2016\/06\/SGR-logo-cabecera-wordpress-copy-1.jpg\",\"contentUrl\":\"https:\/\/www.senderosgr.es\/blog\/wp-content\/uploads\/2016\/06\/SGR-logo-cabecera-wordpress-copy-1.jpg\",\"width\":240,\"height\":240,\"caption\":\"El Blog de SenderosGR\"},\"image\":{\"@id\":\"https:\/\/www.senderosgr.es\/blog\/#\/schema\/logo\/image\/\"}}]}<\/script>\n<!-- \/ Yoast SEO plugin. -->","yoast_head_json":{"title":"Historia de los GR - El Blog de SenderosGR","robots":{"index":"index","follow":"follow","max-snippet":"max-snippet:-1","max-image-preview":"max-image-preview:large","max-video-preview":"max-video-preview:-1"},"canonical":"https:\/\/www.senderosgr.es\/blog\/historia-gr\/","og_locale":"es_ES","og_type":"article","og_title":"Historia de los GR - El Blog de SenderosGR","og_description":"\u00bfQu\u00e9 es un Sendero GR (largo recorrido)? Los senderos de largo recorrido son recorridos de m\u00e1s de 50 kil\u00f3metros, lo que incluye la pernocta en esta actividad. Pueden ser en l\u00ednea o circulares, es decir, que comienzan y terminan en el mismo lugar. La se\u00f1alizaci\u00f3n de los mismos es con l\u00edneas blancas y rojas, y [&hellip;]","og_url":"https:\/\/www.senderosgr.es\/blog\/historia-gr\/","og_site_name":"El Blog de SenderosGR","article_modified_time":"2016-07-01T14:36:40+00:00","og_image":[{"url":"http:\/\/www.senderosgr.es\/blog\/wp-content\/uploads\/2016\/06\/Mapa_senderos_Europa.png","type":"","width":"","height":""}],"twitter_card":"summary_large_image","twitter_misc":{"Tiempo de lectura":"3 minutos"},"schema":{"@context":"https:\/\/schema.org","@graph":[{"@type":"WebPage","@id":"https:\/\/www.senderosgr.es\/blog\/historia-gr\/","url":"https:\/\/www.senderosgr.es\/blog\/historia-gr\/","name":"Historia de los GR - El Blog de SenderosGR","isPartOf":{"@id":"https:\/\/www.senderosgr.es\/blog\/#website"},"primaryImageOfPage":{"@id":"https:\/\/www.senderosgr.es\/blog\/historia-gr\/#primaryimage"},"image":{"@id":"https:\/\/www.senderosgr.es\/blog\/historia-gr\/#primaryimage"},"thumbnailUrl":"http:\/\/www.senderosgr.es\/blog\/wp-content\/uploads\/2016\/06\/Mapa_senderos_Europa.png","datePublished":"2016-06-30T19:09:40+00:00","dateModified":"2016-07-01T14:36:40+00:00","breadcrumb":{"@id":"https:\/\/www.senderosgr.es\/blog\/historia-gr\/#breadcrumb"},"inLanguage":"es","potentialAction":[{"@type":"ReadAction","target":["https:\/\/www.senderosgr.es\/blog\/historia-gr\/"]}]},{"@type":"ImageObject","inLanguage":"es","@id":"https:\/\/www.senderosgr.es\/blog\/historia-gr\/#primaryimage","url":"https:\/\/www.senderosgr.es\/blog\/wp-content\/uploads\/2016\/06\/Mapa_senderos_Europa.png","contentUrl":"https:\/\/www.senderosgr.es\/blog\/wp-content\/uploads\/2016\/06\/Mapa_senderos_Europa.png","width":503,"height":577,"caption":"mapa europa senderos"},{"@type":"BreadcrumbList","@id":"https:\/\/www.senderosgr.es\/blog\/historia-gr\/#breadcrumb","itemListElement":[{"@type":"ListItem","position":1,"name":"Portada","item":"https:\/\/www.senderosgr.es\/blog\/"},{"@type":"ListItem","position":2,"name":"Historia de los GR"}]},{"@type":"WebSite","@id":"https:\/\/www.senderosgr.es\/blog\/#website","url":"https:\/\/www.senderosgr.es\/blog\/","name":"El Blog de SenderosGR","description":"Noticias, opiniones... \u00a1y mucho m\u00e1s!","publisher":{"@id":"https:\/\/www.senderosgr.es\/blog\/#organization"},"potentialAction":[{"@type":"SearchAction","target":{"@type":"EntryPoint","urlTemplate":"https:\/\/www.senderosgr.es\/blog\/?s={search_term_string}"},"query-input":{"@type":"PropertyValueSpecification","valueRequired":true,"valueName":"search_term_string"}}],"inLanguage":"es"},{"@type":"Organization","@id":"https:\/\/www.senderosgr.es\/blog\/#organization","name":"El Blog de SenderosGR","url":"https:\/\/www.senderosgr.es\/blog\/","logo":{"@type":"ImageObject","inLanguage":"es","@id":"https:\/\/www.senderosgr.es\/blog\/#\/schema\/logo\/image\/","url":"https:\/\/www.senderosgr.es\/blog\/wp-content\/uploads\/2016\/06\/SGR-logo-cabecera-wordpress-copy-1.jpg","contentUrl":"https:\/\/www.senderosgr.es\/blog\/wp-content\/uploads\/2016\/06\/SGR-logo-cabecera-wordpress-copy-1.jpg","width":240,"height":240,"caption":"El Blog de SenderosGR"},"image":{"@id":"https:\/\/www.senderosgr.es\/blog\/#\/schema\/logo\/image\/"}}]}},"_links":{"self":[{"href":"https:\/\/www.senderosgr.es\/blog\/wp-json\/wp\/v2\/pages\/240","targetHints":{"allow":["GET"]}}],"collection":[{"href":"https:\/\/www.senderosgr.es\/blog\/wp-json\/wp\/v2\/pages"}],"about":[{"href":"https:\/\/www.senderosgr.es\/blog\/wp-json\/wp\/v2\/types\/page"}],"author":[{"embeddable":true,"href":"https:\/\/www.senderosgr.es\/blog\/wp-json\/wp\/v2\/users\/1"}],"replies":[{"embeddable":true,"href":"https:\/\/www.senderosgr.es\/blog\/wp-json\/wp\/v2\/comments?post=240"}],"version-history":[{"count":6,"href":"https:\/\/www.senderosgr.es\/blog\/wp-json\/wp\/v2\/pages\/240\/revisions"}],"predecessor-version":[{"id":261,"href":"https:\/\/www.senderosgr.es\/blog\/wp-json\/wp\/v2\/pages\/240\/revisions\/261"}],"wp:attachment":[{"href":"https:\/\/www.senderosgr.es\/blog\/wp-json\/wp\/v2\/media?parent=240"}],"curies":[{"name":"wp","href":"https:\/\/api.w.org\/{rel}","templated":true}]}}